et h(v) = 4*v**2 - 2*v - 3*v - p - 782*v**3 + 783*v**3. Calculate h(-5).
-6
Suppose -12 = -4*d + 7*d + 5*x, -x - 1 = 2*d. Let k(l) = -l - 3. Let v(y) = -y**2 + y - 2. Let m(b) = d*v(b) - k(b). Give m(4).
-7
Let k be ((-9)/18)/((-2)/8). Let q(i) = -29*i + 7 - i + k*i**2 + 36*i. Determine q(-3).
7
Let g(f) be the third derivative of f**5/30 + f**4/8 - 2*f**3/3 - 9*f**2. Suppose -2*a + 4 = 2*n, 44*n - 28 = 4*a + 39*n. Calculate g(a).
-2
Let a(d) = 2*d**2 - d + 7. Suppose 4*k = k + 8*k. Give a(k).
7
Let x = -11 - -10. Let s be x/(-3)*0/4. Suppose 30 = -3*z - 0*w + 3*w, s = 3*z - 5*w + 36. Let i(m) = m**3 + 7*m**2 + m - 2. Give i(z).
-9
Let f(g) = -2*g**3 + 3979*g + 22*g**2 - 3955*g + g**3. Calculate f(23).
23
Let h(j) = -j**3 - 2*j**2 + 2*j - 1. Let w be -3 + 3 + 1 - -1*2. Suppose w = -4*i + s, 0 = -3*i + 3*s + 6 + 3. Calculate h(i).
-5
Let v(z) be the second derivative of -5/6*z**3 - 3 - 3/2*z**2 - 2*z - 1/3*z**4 + 1/20*z**5. Suppose -3*q + 0*q + f + 10 = 0, 0 = q - 4*f + 15. Calculate v(q).
-3
Let y(m) = -m**2 + 5*m - 4. Suppose 2*z - 30 = -z. Let d(o) = 2*o - 79. Let t be d(25). Let b be ((-4)/z)/(-2 + t/(-15)). Calculate y(b).
-10
Let u = -27 + 32. Let p(l) = -l**3 + 8*l**2 - 8*l + 7. Let b(h) = -h**2 + 3*h - 4. Let r(c) = b(c) + p(c). What is r(u)?
28
Let l be (-12 + 5)*(-9 + 203/49). Let h(s) = 11*s - 369. Determine h(l).
5
Let l = 185 - 227. Let o = l - -34. Let x(n) = n**3 + 9*n**2 + 8*n + 5. Give x(o).
5
Let p(c) be the third derivative of c**5/120 + c**4/12 - 7*c**3/6 + 44*c**2. Let d(z) be the first derivative of p(z). Let o be ((-28)/6)/((-4)/6). Give d(o).
9
Let n(r) = -r**3 + 22*r**2 - 40*r - 4. Let f = -15388 + 15408. Calculate n(f).
-4
Let c be -1 - 0 - -13*1. Let q(j) be the third derivative of j**6/120 - j**5/5 - j**4/12 + 11*j**3/6 + 4536*j**2. Give q(c).
-13
Let f(o) = -5*o**3 + 16 - 3 + 18*o**2 + 8*o**3 + 3*o. Let q(j) = -j**3 - j**2 - j. Let z(i) = -f(i) - 4*q(i). Calculate z(14).
1
Let r(t) = -2*t + 20. Let z(y) = y - 1. Let d(f) = r(f) + 12*z(f). Let w(g) = -14*g - 9. Let k(h) = -4*d(h) - 3*w(h). What is k(-8)?
-21
Let d(m) = m**2 + m - 2. Let k = -52 - -55. Let z be (-8 - -11) + (k - -1). Suppose -11*f = -z*f. Determine d(f).
-2
Let o(f) = -f**2 + 2*f - 5. Suppose 5*k + 5 = 0, -4*g = 3*k + k - 12. What is o(g)?
-13
Let r(q) = -q**3 + 15*q**2 + 36*q - 25. Let w be r(17). Let t(v) = 13 - w - v**3 + v**2 - 4*v**2 + v + 4*v. Determine t(-4).
0
Let h(o) = 430*o + 27*o**2 - 3*o**3 - 404*o - 27 + 4*o**3 + 10. Determine h(-26).
-17
Let m(s) = 16*s + 75. Let d(l) = 8*l - 2. Let b(v) = 4*d(v) - m(v). Determine b(5).
-3
Let n = 195 - 163. Suppose p + 3*p - 3*c + 27 = 0, n = -5*p + 2*c. Let o(u) = -4 + 3*u**2 - 2*u**2 + 3*u + 0*u**2. What is o(p)?
14
Suppose -l - 2*l = -6. Suppose 4*o + o - 3*v - 93 = 0, -2*o - l*v = -50. Let m(y) = o*y**2 + 1 + y**3 - 17*y**2 - 5. Determine m(-4).
-4
Suppose -30*j - 82 + 52 = 0. Let k(b) = 7*b + 6. Calculate k(j).
-1
Suppose -6 = -7*y + 71. Suppose 3*x = 2*z + x + 4, -2*z - 5*x - y = 0. Let a(u) = u**2 + 4. What is a(z)?
13
Suppose 0 = 804*n - 808*n + 20. Let l(s) = 3*s**3 - 15*s**2 + s - 6. Let g be l(n). Let p(z) = 26*z + 4 - 1 - 2. What is p(g)?
-25
Let r(y) be the second derivative of y**5/20 - 2*y**4/3 + 5*y**3/6 - 3*y**2/2 + y + 246. Suppose 4*u - 41 = -13. Calculate r(u).
-17
Let j(h) = -h**3 - 15*h**2 - 26*h + 6. Let t be j(-13). Let q(l) be the second derivative of -2*l + 5/2*l**2 - 1/2*l**3 + 0. What is q(t)?
-13
Let n(f) = 33*f + 36*f + 49*f - f**3 - 8*f**2 - 17 - 109*f. Give n(-9).
-17
Let y(f) = -f - 9. Suppose -219 = -4*l - 247. Calculate y(l).
-2
Let m(p) = -p**2 - 21*p - 72. Let n = -1445 + 1427. What is m(n)?
-18
Suppose 0 = 346*o - 350*o + 12. Let m(q) = -4*q - 5 - q + 53*q**2 - q**o - 26*q**2 - 19*q**2 + 1. Suppose -15 = -2*d - j, -d - 5*j + 4 + 8 = 0. Determine m(d).
10
Let f(u) be the first derivative of u**4/4 - 7*u**3/3 + 2*u**2 + 2*u - 7. Let d be 18/(-54)*33 + 18. Determine f(d).
30
Let g(l) = -l**3 - 14*l**2 - 12*l + 15. Let b be g(-13). Let w(h) = 0*h + 3*h**2 - 4 - h**2 + 0*h**2 - b*h. Let n = 676 + -673. Determine w(n).
8
Let f be ((-10)/(-20))/((-1)/(-6)) + (34 - 38). Let g(m) = -8*m**2 - 13*m - 12. Calculate g(f).
-7
Let g(p) be the second derivative of -p**5/20 + p**4/4 + 4*p**2 + p - 308. Let u = -103 - -107. Give g(u).
-8
Let s = 4012 + -4012. Let t(h) be the third derivative of -4*h**2 + 7/60*h**5 + 0 - 7/24*h**4 + 2/3*h**3 - 1/120*h**6 + s*h. Give t(6).
-2
Let z(k) = -2*k - 1. Let i(u) = -3*u**3 - u. Suppose -4*p = 6 - 2. Let g be i(p). Suppose 11 = 3*q - 6*q - 5*t, g*q - 4*t = 28. Determine z(q).
-7
Let q(z) = -z**2 - 12*z + 10. Let h(r) = r**2 + 25*r - 39. Let l(f) = 2*h(f) + 5*q(f). What is l(-3)?
-25
Let p = 17 - 18. Let n(l) = 8*l**3 + l**2 + l + 1. Determine n(p).
-7
Let c be 2/4*(-1 - -3). Let q(s) = -133*s**3 - 3*s**2 - 6*s - 13. Let y(g) = -449*g**3 - 10*g**2 - 20*g - 44. Let a(z) = 27*q(z) - 8*y(z). What is a(c)?
-1
Let d(s) = 718*s + 90 + 712*s + 713*s - 2133*s. Give d(-10).
-10
Let t(q) = 5*q + 2. Let s(w) = -10*w - 5. Let k be 8 + (2 - (5 + -2)). Suppose f - 12 = -k. Let i(j) = f*t(j) + 3*s(j). Calculate i(-4).
15
Let a(q) = 49*q - 123. Let d be a(3). Let f(n) = 1 + 26*n**2 + d*n - 11*n - 13*n. What is f(-1)?
27
Let q(g) be the second derivative of -g**4/12 - 13*g**3/6 - 43*g**2/2 + 1709*g. Give q(-10).
-13
Let d(v) = -10*v - 2. Let g(c) = -10*c**2 - 2*c + 2. Let z be g(-3). Let o = z + 91. Suppose 11*h = o*h + 4. Give d(h).
-22
Let y(n) = 4*n**3 - 5*n**2 - 3*n + 1. Let p be y(-3). Let b be (-2)/((-26)/p - (-13)/(-11)). Let z be 1*b/(-15) - 2378/615. Let h(g) = g + 5. Give h(z).
1
Let n = 450 + -454. Let j(b) = -b**2 + 7*b + 36. Give j(n).
-8
Let y(d) = 197*d - 218*d + 8*d**2 + 16 - 6*d**2. Determine y(8).
-24
Let m(f) be the third derivative of f**6/720 - f**5/10 + 29*f**4/6 - 68*f**2. Let x(w) be the second derivative of m(w). Calculate x(10).
-2
Let n = 7058 + -7058. Let g(o) = o + 15. Give g(n).
15
Let u = -6 - -13. Let t(a) be the third derivative of a**6/120 - 7*a**5/60 - a**4/24 + a**3 - 7925*a**2 + 3*a. What is t(u)?
-1
Let v(f) = f**3 - 7*f**2 - 15*f + 61. Let q be v(8). Let h(o) = -6 - 9*o + 11 + 1. Give h(q).
-39
Let y(v) = 4*v - 218*v**2 + 200*v**2 - v - v**3 + 55. Calculate y(-18).
1
Let y(d) be the third derivative of 232*d**2 - 1/12*d**4 + 0 + 0*d + 3/20*d**5 + 1/3*d**3. Calculate y(2).
34
Let s = 173 - 201. Let t be (4/14)/((-4)/s). Let k(p) = 11*p - 3. Give k(t).
19
Let v(h) = -h**2 + 4*h - 60. Let c be v(6). Let f = c - -68. Let x(b) = b**2 - b - 11. What is x(f)?
9
Let h(o) be the third derivative of o**4/3 - 55*o**3/6 - 184*o**2 + 17*o. Calculate h(5).
-15
Suppose -6*k + 12 = 2*w - 3*k, 5*w - 3*k - 9 = 0. Let u be (w/6 + 2)*(-24)/(-15). Let q(d) = 2*d + d - u*d + 0 + 1. Determine q(-5).
6
Suppose 0*z + 3*f = -5*z - 90, 5*f = 4*z + 109. Let h be -4*1 - (z - -13). Let n be (-21)/h - (-4)/16. Let o(t) = t**2 + 7*t + 6. Determine o(n).
-4
Let f(p) be the first derivative of p**3/3 + 7*p**2/2 - 168*p + 337. What is f(10)?
2
Let a = 50 + -45. Let n be 60/8*4/a. Let h(i) = -i**3 + 6*i**2 - 4*i + 8. Give h(n).
-16
Let k(p) = -10*p**2 + 1. Let f be k(-1). Let t(g) = -436*g + 1. Let o(i) = 3050*i - 14. Let z(j) = o(j) + 7*t(j). What is z(f)?
11
Let i(b) = b - 9. Let d(y) = y**3 - 19*y**2 - 23*y - 6. Let g be d(20). Let r = g + 63. Let u = 3 - r. Determine i(u).
-3
Suppose 2*b + 78 + 111 - 233 = 0. Let q(k) = -k**3 + 22*k**2 + 2*k - 29. Calculate q(b).
15
Let i(z) = 147*z**2 - 45*z**2 - 49*z**2 - 52*z**2 - 12 + 19*z. What is i(-19)?
-12
Let u(m) be the third derivative of 0*m - 5/6*m**3 + 1/60*m**5 + 0 + 0*m**4 - 32*m**2. Give u(-3).
4
Let o(k) = -29*k**3 - 9*k**2 + 17*k - 3. Let a(d) = -25*d**3 - 9*d**2 + 16*d - 3. Let p(t) = 7*a(t) - 6*o(t). Give p(-10).
-3
Let i = -189 - -191. Let k(g) = g**2 + g**i + g**2 + 4*g - 4*g**2. Calculate k(6).
-12
Let i(t) = 3*t**2 + t - 16. Suppose 0 = -5*h + 59 - 79, 4 = 2*j - h. Determine i(j).
-16
Let c be (-4 - -6)/(1 + 1). Let r(s) = -171*s + 234*s - 62*s - 20*s**2 - 7*s**3 + 7*s**2 + 12*s**2. Determine r(c).
-7
Let p(m) be the second derivative of -m**5/20 - 7*m**4/4 + 47*m**3/6 + m**2 - 12*m + 61. What is p(-23)?
-21
Let c(a) = -a**2 - 6*a - 3. Suppose -10*n + 7 = -113. Suppose -4*t = 5*r + 6, 5*t + 